, what is 53f52 + 4?
53f56
In base 12, what is a5 - 1baa?
-1b05
In base 3, what is -2 - 10001020111?
-10001020120
In base 2, what is 100000011100101110 + 101?
100000011100110011
In base 10, what is 1 - -22488?
22489
In base 7, what is 0 + 235234?
235234
In base 5, what is -344 + -10124?
-11023
In base 12, what is 1814 - 116?
16ba
In base 13, what is -173 + 101?
-72
In base 5, what is -3141001 - 10?
-3141011
In base 8, what is 66065 + 4?
66071
In base 16, what is -c1b3 + 2?
-c1b1
In base 8, what is -1 - 1652363?
-1652364
In base 6, what is -302 - 2001?
-2303
In base 15, what is -c93 - -160?
-b33
In base 4, what is -231000 - -11?
-230323
In base 8, what is -106 + -133?
-241
In base 14, what is -21dc - 19?
-2217
In base 8, what is 1 + -72352?
-72351
In base 8, what is -16021 + -42?
-16063
In base 8, what is 21 - -240664?
240705
In base 6, what is 1 - 1252430?
-1252425
In base 8, what is 661045 - 0?
661045
In base 2, what is -111011011110101011 + 11?
-111011011110101000
In base 11, what is -39 - 3a1?
-42a
In base 3, what is 101201222 + 11?
101202010
In base 16, what is d - 17f7?
-17ea
In base 16, what is 10 + 5d?
6d
In base 16, what is 327bd + 0?
327bd
In base 11, what is -2 + -385a5?
-385a7
In base 15, what is -1 - -28413?
28412
In base 14, what is -25a + -4bbd?
-5039
In base 10, what is 1 - 524172?
-524171
In base 9, what is 213 - -38?
252
In base 12, what is -1b6 + 4b1?
2b7
In base 11, what is -596 + -47?
-632
In base 5, what is -41344 - -221?
-41123
In base 14, what is 36122 - -3?
36125
In base 3, what is -21111222 - -2?
-21111220
In base 5, what is 3 + -13221131?
-13221123
In base 3, what is 10 + 111212122?
111212202
In base 13, what is -2101c - 3?
-21022
In base 3, what is -12 + 110021102?
110021020
In base 4, what is -13110100 - -3?
-13110031
In base 13, what is 2a00 + 32b?
302b
In base 9, what is -13725 + -4?
-13730
In base 3, what is -101100121 - -2?
-101100112
In base 15, what is -3a0 + 17?
-388
In base 7, what is 54634 + -1043?
53561
In base 15, what is -298 - 29d?
-546
In base 11, what is 2a86 + 467?
3442
In base 5, what is 220 - -34?
304
In base 7, what is -406526 - -3?
-406523
In base 11, what is -54215 + 3?
-54212
In base 13, what is -1 + -5146?
-5147
In base 7, what is 25 - -53101?
53126
In base 11, what is -798 - 4?
-7a1
In base 12, what is 3 - 3554a?
-35547
In base 12, what is 23305 - -3?
23308
In base 7, what is -13612405 + -5?
-13612413
In base 13, what is -387 + -125?
-4ac
In base 12, what is 2560 + -1?
255b
In base 5, what is 230242 + 220?
231012
In base 16, what is -5ff - 11?
-610
In base 8, what is -7 - 50734?
-50743
In base 16, what is 3e34 - -74?
3ea8
In base 10, what is -397 + 10?
-387
In base 6, what is 142031 - -43?
142114
In base 14, what is -9b - 22?
-bd
In base 16, what is -36 + -461f?
-4655
In base 4, what is -11 - -10131130?
10131113
In base 2, what is 1101 - 1011001011101?
-1011001010000
In base 2, what is 100011010110 + 1001110?
100100100100
In base 12, what is -2 - -713?
711
In base 4, what is 211301230 - 223?
211301001
In base 9, what is -45838 - 53?
-46002
In base 12, what is -7 - -21b81?
21b76
In base 12, what is 1345 - 2b?
1316
In base 8, what is -4314 - -205?
-4107
In base 8, what is 646663 - 3?
646660
In base 11, what is 2873 - a?
2864
In base 14, what is 29a8 - -1a?
29c4
In base 8, what is 12 - 155146?
-155134
In base 11, what is -12285 - -9a?
-12196
In base 14, what is 6ba - 9?
6b1
In base 11, what is 4 - 892a?
-8926
In base 2, what is 1100110011 - -1001101101010?
1011010011101
In base 8, what is 16 - 5426?
-5410
In base 2, what is -110011100 - 1000010001?
-1110101101
In base 10, what is 5 + -359888?
-359883
In base 16, what is 10cda - 2?
10cd8
In base 10, what is -34647 - 5?
-34652
In base 12, what is 22 - 3753?
-3731
In base 16, what is -1 + -723?
-724
In base 2, what is 1 - -10000010011100000?
10000010011100001
In base 2, what is -10110 + 10110010011110?
10110010001000
In base 4, what is -122 - -3112201?
3112013
In base 3, what is -1200 - -2001?
101
In base 14, what is -145b + -633?
-1a90
In base 12, what is 1128 + 27?
1153
In base 4, what is 332 - 2001303?
-2000311
In base 10, what is -1 + -165964?
-165965
In base 10, what is 88 - 28?
60
In base 11, what is 7974 + -3?
7971
In base 10, what is 12478 - -2?
12480
In base 7, what is -103401 - -4?
-103364
In base 15, what is 1d + 1500?
151d
In base 3, what is 12 + 102220120?
102220202
In base 12, what is -9 + -1a7815?
-1a7822
In base 11, what is -7572 - 1?
-7573
In base 16, what is -1b2 - d?
-1bf
In base 15, what is d70cb + 3?
d70ce
In base 13, what is 1 - 1c68?
-1c67
In base 9, what is 8766 + -121?
8645
In base 6, what is -2 - 34351?
-34353
In base 11, what is -a8 + -23a0a?
-24007
In base 2, what is 1011100000 + -1110101?
1001101011
In base 2, what is 1111111001001 - -11110?
1111111100111
In base 13, what is 1800c - -18?
18027
In base 14, what is 9 + 1d0c?
1d17
In base 6, what is -113 + -103544?
-104101
In base 16, what is 10c39 + -1a?
10c1f
In base 11, what is 9 + 5382?
5390
In base 9, what is 2 + -32117?
-32115
In base 16, what is 1d482 - 6?
1d47c
In base 8, what is 2 + -3420315?
-3420313
In base 10, what is 909329 - -1?
909330
In base 15, what is -ac + -7b?
-138
In base 13, what is 29b + 113?
3b1
In base 13, what is 19 - 3b0?
-394
In base 5, what is 2 + -22242124?
-22242122
In base 11, what is 9 + -23975?
-23967
In base 16, what is -af0 - -10?
-ae0
In base 8, what is 14220 - 12?
14206
In base 5, what is 13 - 431024?
-431011
In base 11, what is -a29 + -206?
-1134
In base 10, what is -22 + 693?
671
In base 8, what is -4407 - 52?
-4461
In base 3, what is -12 - 111220202?
-111220221
In base 14, what is -11d - -5b?
-a2
In base 3, what is 12120 - -1?
12121
In base 6, what is 4 + -53520324?
-53520320
In base 8, what is 103215 - 6?
103207
In base 9, what is -188 + 445?
246
In base 15, what is 7d827 + 2?
7d829
In base 10, what is 5 - -188324?
188329
In base 5, what is 143313200 - -3?
143313203
In base 3, what is -1021002112 + -222?
-1021010111
In base 4, what is -2 - 12010123?
-12010131
In base 10, what is 3 + -3051?
-3048
In base 5, what is 1 + 10332143?
10332144
In base 10, what is -13536 + -2?
-13538
In base 2, what is 1001110 + 10010000110110010?
10010001000000000
In base 9, what is 1288 + 48?
1347
In base 12, what is -9359 - -24?
-9335
In base 12, what is 36b - -580?
92b
In base 13, what is 4 + 145?
149
In base 12, what is -417 + -58?
-473
In base 14, what is 5 + -15385?
-15380
In base 3, what is -12 - -101201021212?
101201021200
In base 14, what is -216 - 64?
-27a
In base 4, what is -301 - -13030?
12123
In base 10, what is -2642 - -14?
-2628
In base 13, what is -9 - -c39?
c30
In base 14, what is -16d46 + -26?
-16d6c
In base 13, what is 6bcc + 102?
7001
In base 11, what is -19348 + 15?
-19333
In base 9, what is 7 - 42825?
-42817
In base 13, what is -292 + 100?
-192
In base 14, what is -15 - -3750?
3739
In base 4, what is -32 - 1003121?
-1003213
In base 2, what is 101 + -1101001001011?
-1101001000110
In base 8, what is -505634 + -7?
-505643
In base 7, what is 2034 + 2215?
4252
In base 5, what is 20434 - 2003?
13431
In base 16, what is 3 - 1555ac?
-1555a9
In base 9, what is 11618 + 2?
11621
In base 14, what is 15c - 530c?
-5190
In base 2, what is -1000110111101111 - -10100?
-1000110111011011
In base 13, what is 1168 - -21?
1189
In base 6, what is 4352535 + 15?
4352554
In base 6, what is 1505 - 5?
1500
In base 13, what is 2445cc + 0?
2445cc
In base 4, what is 21 - -202121?
202202
In base 4, what is 202 - -12330130?
12330332
In base 8, what is -157247 - -2?
-157245
In base 9, what is -354731 - 16?
-354747
In base 4, what is -3 - -2123223110?
2123223101
In base 13, what is -6625 - 5?
-662a
In base 3, what is -11 - -20221?
20210
In base 2, what is 1011111000010 + 110?
1011111001000
In base 8, what is 2316 + 223?
2541
In base 7, what is -6126566 + 6?
-6126560
In base 2, what is -111 + -1000101001?
-1000110000
In base 7, what is -5 - -20144614?
20144606
In base 8, what is 5 + -21714?
-21707
In base 15, what is b61e - 5?
b619
In base 15, what is -1d754 - -34?
-1d720
In base 12, what is 408 - -5?
411
In base 3, what is 122120 + 202201?
1102021
In base 8, what is -7210 + 51?
-7137
In base 3, what is 2 - 1001111220?
-1001111211
In base 13, what is -25 - 10811?
